{"id":84,"date":"2016-05-16T16:01:13","date_gmt":"2016-05-16T15:01:13","guid":{"rendered":"http:\/\/exiset.com\/website\/?page_id=84"},"modified":"2024-11-05T12:50:07","modified_gmt":"2024-11-05T11:50:07","slug":"bienvenue-exiset-com","status":"publish","type":"page","link":"https:\/\/exiset.com\/","title":{"rendered":"Bienvenue sur exiset.com"},"content":{"rendered":"<p><span style=\"background: white;\">Exiset composant cr\u00e9\u00e9 par son directeur, Gilbert Fraiture est au service de ses clients utilisateurs de composants \u00e9lectroniques depuis 1987.<\/span><\/p>\n<p><span style=\"background: white;\">Au fil des ans, l\u2019\u00e9quipe a \u00e9t\u00e9 compos\u00e9e par diff\u00e9rents membres ayant une expertise dans le domaine \u00e9lectronique.<\/span><\/p>\n<p><span style=\"background: white;\">La sp\u00e9cialit\u00e9 principale d\u2019Exiset composants a toujours \u00e9t\u00e9 bas\u00e9e sur le service.<\/span><\/p>\n<p><span style=\"background: white;\">Une \u00e9quipe petite et r\u00e9active permet de r\u00e9pondre en permanence aux diff\u00e9rentes demandes de nos clients dans la journ\u00e9e. Nous avons un principe qui est de toujours r\u00e9pondre aux requ\u00eates de nos clients.<\/span><\/p>\n<p><span style=\"background: white;\">Nos clients, principalement europ\u00e9ens, nous consid\u00e8rent comme sp\u00e9cialistes dans les domaines suivants<\/span><\/p>\n<ul type=\"disc\">\n<li>Composants obsol\u00e8tes<\/li>\n<li>Composants difficiles \u00e0 trouver<\/li>\n<li>Actifs<\/li>\n<li>Passifs<\/li>\n<li>Rupture de stock chez les distributeurs<\/li>\n<li>Commande \u00e9chelonn\u00e9es<\/li>\n<li>Sp\u00e9cification NATO et militaires<\/li>\n<li>Allocations<\/li>\n<li>Sourcing<\/li>\n<li>Livraison de composants test\u00e9s (certificat de conformit\u00e9)<\/li>\n<\/ul>\n<p><span style=\"background: white;\">Notre force est l\u2019exp\u00e9rience et la connaissance du march\u00e9. Pour cela, nous pouvons nous appuyer sur&nbsp; les m\u00eames partenaires depuis plus de 10 ans. En effet, des participations crois\u00e9es avec 3 autres partenaires, en Europe, Asie et USA, nous permettent d\u2019avoir&nbsp; des sources fiables&nbsp; , connaissant leur march\u00e9 local et travaillant avec un m\u00eame objectif de service aux clients.<\/span><\/p>\n\n\n<p><em>La soci\u00e9t\u00e9 Exiset soutient les artistes locaux et \u00e9trangers, leurs \u0153uvres sont expos\u00e9es dans nos locaux et visibles par chaque visiteur.<\/em><\/p>\n","protected":false},"excerpt":{"rendered":"<p>Exiset composant cr\u00e9\u00e9 par son directeur, Gilbert Fraiture est au service de ses clients utilisateurs de composants \u00e9lectroniques depuis 1987. Au fil des ans, l\u2019\u00e9quipe a \u00e9t\u00e9 compos\u00e9e par diff\u00e9rents membres ayant une expertise dans le domaine \u00e9lectronique. La sp\u00e9cialit\u00e9<\/p>\n","protected":false},"author":1,"featured_media":0,"parent":0,"menu_order":0,"comment_status":"closed","ping_status":"closed","template":"","meta":[],"_links":{"self":[{"href":"https:\/\/exiset.com\/index.php\/wp-json\/wp\/v2\/pages\/84"}],"collection":[{"href":"https:\/\/exiset.com\/index.php\/wp-json\/wp\/v2\/pages"}],"about":[{"href":"https:\/\/exiset.com\/index.php\/wp-json\/wp\/v2\/types\/page"}],"author":[{"embeddable":true,"href":"https:\/\/exiset.com\/index.php\/wp-json\/wp\/v2\/users\/1"}],"replies":[{"embeddable":true,"href":"https:\/\/exiset.com\/index.php\/wp-json\/wp\/v2\/comments?post=84"}],"version-history":[{"count":3,"href":"https:\/\/exiset.com\/index.php\/wp-json\/wp\/v2\/pages\/84\/revisions"}],"predecessor-version":[{"id":3185,"href":"https:\/\/exiset.com\/index.php\/wp-json\/wp\/v2\/pages\/84\/revisions\/3185"}],"wp:attachment":[{"href":"https:\/\/exiset.com\/index.php\/wp-json\/wp\/v2\/media?parent=84"}],"curies":[{"name":"wp","href":"https:\/\/api.w.org\/{rel}","templated":true}]}}